{"id":870,"date":"2013-08-15T12:19:00","date_gmt":"2013-08-15T12:19:00","guid":{"rendered":"http:\/\/stagecscca.wpengine.com\/product\/goldfish-grahams-petit-gteau-la-vanille\/"},"modified":"2022-07-28T20:39:59","modified_gmt":"2022-07-28T20:39:59","slug":"goldfish-grahams-petit-gteau-la-vanille","status":"publish","type":"product","link":"https:\/\/dev.badmath.com\/think33\/campbells\/campbellsoupca\/fr\/product\/goldfish-grahams-petit-gteau-la-vanille\/","title":{"rendered":"Goldfish Grahams Petit Gateau a la Vanille (180 g)"},"featured_media":38008,"parent":0,"menu_order":0,"template":"","product-category":[381,379],"product-brand":[{"id":77,"slug":"goldfishmd","name":"GoldfishMD"}],"product-main-ingredient":[],"product-dietary-alternative":[],"acf":[],"yoast_head":"<!-- This site is optimized with the Yoast SEO plugin v18.8 - https:\/\/yoast.com\/wordpress\/plugins\/seo\/ -->\n<title>Goldfish Grahams Petit Gateau a la Vanille (180 g) - Campbell Company of Canada<\/title>\n<meta name=\"robots\" content=\"index, follow, max-snippet:-1, max-image-preview:large, max-video-preview:-1\" \/>\n<link rel=\"canonical\" href=\"https:\/\/dev.badmath.com\/think33\/campbells\/campbellsoupca\/fr\/product\/goldfish-grahams-petit-gteau-la-vanille\/\" \/>\n<meta property=\"og:locale\" content=\"en_US\" \/>\n<meta property=\"og:type\" content=\"article\" \/>\n<meta property=\"og:title\" content=\"Goldfish Grahams Petit Gateau a la Vanille (180 g) - Campbell Company of Canada\" \/>\n<meta property=\"og:description\" content=\"Que vous soyez parent ou simplement un grand enfant, les craquelins cuits au four graham Goldfish\u00ae Saveur de Petit G&acirc;teau &agrave; la Vanille sont un d&eacute;lice. Sans colorant ni saveur artificielle, les craquelins graham Goldfish\u00ae&nbsp;Petit G&acirc;teau &agrave; la Vanille ont une faible teneur en gras satur&eacute;s et ne contiennent aucun gras trans. Alors la prochaine [&hellip;]\" \/>\n<meta property=\"og:url\" content=\"https:\/\/dev.badmath.com\/think33\/campbells\/campbellsoupca\/fr\/product\/goldfish-grahams-petit-gteau-la-vanille\/\" \/>\n<meta property=\"og:site_name\" content=\"Campbell Company of Canada\" \/>\n<meta property=\"article:modified_time\" content=\"2022-07-28T20:39:59+00:00\" \/>\n<meta property=\"og:image\" content=\"https:\/\/dev.badmath.com:8443\/think33\/campbells\/campbellsoupca\/wp-content\/uploads\/2013\/08\/GF_GrahamsVanillaCupcake_FR.png\" \/>\n\t<meta property=\"og:image:width\" content=\"340\" \/>\n\t<meta property=\"og:image:height\" content=\"510\" \/>\n\t<meta property=\"og:image:type\" content=\"image\/png\" \/>\n<meta name=\"twitter:card\" content=\"summary_large_image\" \/>\n<script type=\"application\/ld+json\" class=\"yoast-schema-graph\">{\"@context\":\"https:\/\/schema.org\",\"@graph\":[{\"@type\":\"WebSite\",\"@id\":\"https:\/\/dev.badmath.com\/think33\/campbells\/campbellsoupca\/#website\",\"url\":\"https:\/\/dev.badmath.com\/think33\/campbells\/campbellsoupca\/\",\"name\":\"Campbell Company of Canada\",\"description\":\"\",\"potentialAction\":[{\"@type\":\"SearchAction\",\"target\":{\"@type\":\"EntryPoint\",\"urlTemplate\":\"https:\/\/dev.badmath.com\/think33\/campbells\/campbellsoupca\/search\/?query={search_term_string}\"},\"query-input\":\"required name=search_term_string\"}],\"inLanguage\":\"en-US\"},{\"@type\":\"ImageObject\",\"inLanguage\":\"en-US\",\"@id\":\"https:\/\/dev.badmath.com\/think33\/campbells\/campbellsoupca\/fr\/product\/goldfish-grahams-petit-gteau-la-vanille\/#primaryimage\",\"url\":\"https:\/\/dev.badmath.com\/think33\/campbells\/campbellsoupca\/wp-content\/uploads\/2013\/08\/GF_GrahamsVanillaCupcake_FR.png\",\"contentUrl\":\"https:\/\/dev.badmath.com\/think33\/campbells\/campbellsoupca\/wp-content\/uploads\/2013\/08\/GF_GrahamsVanillaCupcake_FR.png\",\"width\":340,\"height\":510,\"caption\":\"goldfish grahams petit gateau a la vanille\"},{\"@type\":\"WebPage\",\"@id\":\"https:\/\/dev.badmath.com\/think33\/campbells\/campbellsoupca\/fr\/product\/goldfish-grahams-petit-gteau-la-vanille\/#webpage\",\"url\":\"https:\/\/dev.badmath.com\/think33\/campbells\/campbellsoupca\/fr\/product\/goldfish-grahams-petit-gteau-la-vanille\/\",\"name\":\"Goldfish Grahams Petit Gateau a la Vanille (180 g) - Campbell Company of Canada\",\"isPartOf\":{\"@id\":\"https:\/\/dev.badmath.com\/think33\/campbells\/campbellsoupca\/#website\"},\"primaryImageOfPage\":{\"@id\":\"https:\/\/dev.badmath.com\/think33\/campbells\/campbellsoupca\/fr\/product\/goldfish-grahams-petit-gteau-la-vanille\/#primaryimage\"},\"datePublished\":\"2013-08-15T12:19:00+00:00\",\"dateModified\":\"2022-07-28T20:39:59+00:00\",\"breadcrumb\":{\"@id\":\"https:\/\/dev.badmath.com\/think33\/campbells\/campbellsoupca\/fr\/product\/goldfish-grahams-petit-gteau-la-vanille\/#breadcrumb\"},\"inLanguage\":\"en-US\",\"potentialAction\":[{\"@type\":\"ReadAction\",\"target\":[\"https:\/\/dev.badmath.com\/think33\/campbells\/campbellsoupca\/fr\/product\/goldfish-grahams-petit-gteau-la-vanille\/\"]}]},{\"@type\":\"BreadcrumbList\",\"@id\":\"https:\/\/dev.badmath.com\/think33\/campbells\/campbellsoupca\/fr\/product\/goldfish-grahams-petit-gteau-la-vanille\/#breadcrumb\",\"itemListElement\":[{\"@type\":\"ListItem\",\"position\":1,\"name\":\"Home\",\"item\":\"https:\/\/dev.badmath.com:8443\/think33\/campbells\/campbellsoupca\/\"},{\"@type\":\"ListItem\",\"position\":2,\"name\":\"Products\",\"item\":\"https:\/\/dev.badmath.com\/think33\/campbells\/campbellsoupca\/fr\/product\/\"},{\"@type\":\"ListItem\",\"position\":3,\"name\":\"Goldfish Grahams Petit Gateau a la Vanille (180 g)\"}]}]}<\/script>\n<!-- \/ Yoast SEO plugin. -->","yoast_head_json":{"title":"Goldfish Grahams Petit Gateau a la Vanille (180 g) - Campbell Company of Canada","robots":{"index":"index","follow":"follow","max-snippet":"max-snippet:-1","max-image-preview":"max-image-preview:large","max-video-preview":"max-video-preview:-1"},"canonical":"https:\/\/dev.badmath.com\/think33\/campbells\/campbellsoupca\/fr\/product\/goldfish-grahams-petit-gteau-la-vanille\/","og_locale":"en_US","og_type":"article","og_title":"Goldfish Grahams Petit Gateau a la Vanille (180 g) - Campbell Company of Canada","og_description":"Que vous soyez parent ou simplement un grand enfant, les craquelins cuits au four graham Goldfish\u00ae Saveur de Petit G&acirc;teau &agrave; la Vanille sont un d&eacute;lice. Sans colorant ni saveur artificielle, les craquelins graham Goldfish\u00ae&nbsp;Petit G&acirc;teau &agrave; la Vanille ont une faible teneur en gras satur&eacute;s et ne contiennent aucun gras trans. Alors la prochaine [&hellip;]","og_url":"https:\/\/dev.badmath.com\/think33\/campbells\/campbellsoupca\/fr\/product\/goldfish-grahams-petit-gteau-la-vanille\/","og_site_name":"Campbell Company of Canada","article_modified_time":"2022-07-28T20:39:59+00:00","og_image":[{"width":340,"height":510,"url":"https:\/\/dev.badmath.com:8443\/think33\/campbells\/campbellsoupca\/wp-content\/uploads\/2013\/08\/GF_GrahamsVanillaCupcake_FR.png","type":"image\/png"}],"twitter_card":"summary_large_image","schema":{"@context":"https:\/\/schema.org","@graph":[{"@type":"WebSite","@id":"https:\/\/dev.badmath.com\/think33\/campbells\/campbellsoupca\/#website","url":"https:\/\/dev.badmath.com\/think33\/campbells\/campbellsoupca\/","name":"Campbell Company of Canada","description":"","potentialAction":[{"@type":"SearchAction","target":{"@type":"EntryPoint","urlTemplate":"https:\/\/dev.badmath.com\/think33\/campbells\/campbellsoupca\/search\/?query={search_term_string}"},"query-input":"required name=search_term_string"}],"inLanguage":"en-US"},{"@type":"ImageObject","inLanguage":"en-US","@id":"https:\/\/dev.badmath.com\/think33\/campbells\/campbellsoupca\/fr\/product\/goldfish-grahams-petit-gteau-la-vanille\/#primaryimage","url":"https:\/\/dev.badmath.com\/think33\/campbells\/campbellsoupca\/wp-content\/uploads\/2013\/08\/GF_GrahamsVanillaCupcake_FR.png","contentUrl":"https:\/\/dev.badmath.com\/think33\/campbells\/campbellsoupca\/wp-content\/uploads\/2013\/08\/GF_GrahamsVanillaCupcake_FR.png","width":340,"height":510,"caption":"goldfish grahams petit gateau a la vanille"},{"@type":"WebPage","@id":"https:\/\/dev.badmath.com\/think33\/campbells\/campbellsoupca\/fr\/product\/goldfish-grahams-petit-gteau-la-vanille\/#webpage","url":"https:\/\/dev.badmath.com\/think33\/campbells\/campbellsoupca\/fr\/product\/goldfish-grahams-petit-gteau-la-vanille\/","name":"Goldfish Grahams Petit Gateau a la Vanille (180 g) - Campbell Company of Canada","isPartOf":{"@id":"https:\/\/dev.badmath.com\/think33\/campbells\/campbellsoupca\/#website"},"primaryImageOfPage":{"@id":"https:\/\/dev.badmath.com\/think33\/campbells\/campbellsoupca\/fr\/product\/goldfish-grahams-petit-gteau-la-vanille\/#primaryimage"},"datePublished":"2013-08-15T12:19:00+00:00","dateModified":"2022-07-28T20:39:59+00:00","breadcrumb":{"@id":"https:\/\/dev.badmath.com\/think33\/campbells\/campbellsoupca\/fr\/product\/goldfish-grahams-petit-gteau-la-vanille\/#breadcrumb"},"inLanguage":"en-US","potentialAction":[{"@type":"ReadAction","target":["https:\/\/dev.badmath.com\/think33\/campbells\/campbellsoupca\/fr\/product\/goldfish-grahams-petit-gteau-la-vanille\/"]}]},{"@type":"BreadcrumbList","@id":"https:\/\/dev.badmath.com\/think33\/campbells\/campbellsoupca\/fr\/product\/goldfish-grahams-petit-gteau-la-vanille\/#breadcrumb","itemListElement":[{"@type":"ListItem","position":1,"name":"Home","item":"https:\/\/dev.badmath.com:8443\/think33\/campbells\/campbellsoupca\/"},{"@type":"ListItem","position":2,"name":"Products","item":"https:\/\/dev.badmath.com\/think33\/campbells\/campbellsoupca\/fr\/product\/"},{"@type":"ListItem","position":3,"name":"Goldfish Grahams Petit Gateau a la Vanille (180 g)"}]}]}},"lang":"fr","translations":{"fr":870,"en":462},"product_title":"<i>Goldfish<\/i><sup>MD<\/sup> Grahams Petit G\u00e2teau \u00e0 la Vanille (180 g)\n","description":"<p>Que vous soyez parent ou simplement un grand enfant, les craquelins cuits au four graham <i>Goldfish<\/i><sup>MD<\/sup> Saveur de Petit G\u00e2teau \u00e0 la Vanille sont un d\u00e9lice. Sans colorant ni saveur artificielle, les craquelins graham <i>Goldfish<\/i><sup>MD<\/sup> Petit G\u00e2teau \u00e0 la Vanille ont une faible teneur en gras satur\u00e9s et ne contiennent aucun gras trans. Alors la prochaine fois que vous aurez envie d&#8217;une collation, prenez quelques craquelins graham <i>Goldfish<\/i><sup>MD<\/sup> Saveur de Petit G\u00e2teau \u00e0 la Vanille \u2013 La collation qui vous sourit<sup>MD<\/sup>.<\/p>\n","featured_image":"https:\/\/dev.badmath.com\/think33\/campbells\/campbellsoupca\/wp-content\/uploads\/2013\/08\/GF_GrahamsVanillaCupcake_FR.png","pll_sync_post":[],"_links":{"self":[{"href":"https:\/\/dev.badmath.com\/think33\/campbells\/campbellsoupca\/wp-json\/wp\/v2\/product\/870"}],"collection":[{"href":"https:\/\/dev.badmath.com\/think33\/campbells\/campbellsoupca\/wp-json\/wp\/v2\/product"}],"about":[{"href":"https:\/\/dev.badmath.com\/think33\/campbells\/campbellsoupca\/wp-json\/wp\/v2\/types\/product"}],"wp:featuredmedia":[{"embeddable":true,"href":"https:\/\/dev.badmath.com\/think33\/campbells\/campbellsoupca\/wp-json\/wp\/v2\/media\/38008"}],"wp:attachment":[{"href":"https:\/\/dev.badmath.com\/think33\/campbells\/campbellsoupca\/wp-json\/wp\/v2\/media?parent=870"}],"wp:term":[{"taxonomy":"product-category","embeddable":true,"href":"https:\/\/dev.badmath.com\/think33\/campbells\/campbellsoupca\/wp-json\/wp\/v2\/product-category?post=870"},{"taxonomy":"product-brand","embeddable":true,"href":"https:\/\/dev.badmath.com\/think33\/campbells\/campbellsoupca\/wp-json\/wp\/v2\/product-brand?post=870"},{"taxonomy":"product-main-ingredient","embeddable":true,"href":"https:\/\/dev.badmath.com\/think33\/campbells\/campbellsoupca\/wp-json\/wp\/v2\/product-main-ingredient?post=870"},{"taxonomy":"product-dietary-alternative","embeddable":true,"href":"https:\/\/dev.badmath.com\/think33\/campbells\/campbellsoupca\/wp-json\/wp\/v2\/product-dietary-alternative?post=870"}],"curies":[{"name":"wp","href":"https:\/\/api.w.org\/{rel}","templated":true}]}}